{"id":34,"date":"2025-03-23T18:13:49","date_gmt":"2025-03-23T17:13:49","guid":{"rendered":"http:\/\/www.canimotion.fr\/?page_id=34"},"modified":"2026-04-12T16:20:30","modified_gmt":"2026-04-12T14:20:30","slug":"accueil","status":"publish","type":"page","link":"https:\/\/www.canimotion.fr\/","title":{"rendered":"Accueil"},"content":{"rendered":"<div class=\"accueil\">\u00a0<\/div>\n<h1><strong>\ud83d\udc4b\u00a0 Bonjour !!!<\/strong><\/h1>\n\n\n<p><\/p>\n\n\n\n<p><\/p>\n\n\n\n<p>Je suis S\u00e9verine, \u00a0Issue du monde canin et form\u00e9e en \u00e9ducation et comportement, je place le bien-\u00eatre et l\u2019amusement au c\u0153ur de ma pratique.<\/p>\n\n\n\n<p><\/p>\n\n\n\n<p>Mon objectif :<br>Vous aider \u00e0 mieux comprendre votre chien, \u00e0 lui offrir une activit\u00e9 qui a du sens,\u00a0 \u00e0 renforcer durablement votre lien et vous permettre de prendre du plaisir ensemble, s\u00e9ance apr\u00e8s s\u00e9ance.<\/p>\n\n\n\n<p>Je suis instructrice en activit\u00e9s de flair canin : principalement en mantrailing mais \u00e9galement en cavage, d\u00e9tection etc\u2026 J\u2019accompagne les bin\u00f4mes humains-chiens \u00e0 travers ces disciplines qui respectent profond\u00e9ment la nature du chien.<\/p>\n\n\n\n<p>Quand tout commence par une odeur\u2026<\/p>\n\n\n\n<p>Le flair est une source incroyable de bien-\u00eatre \u00e9motionnel &nbsp;:<br>il apaise les chiens anxieux, valorise les chiens sensibles, canalise les plus \u00e9nergiques et redonne confiance \u00e0 ceux qui doutent.<\/p>\n\n\n\n<p>Dans ces activit\u00e9s, le chien devient le guide.<br>L\u2019humain apprend \u00e0 observer, \u00e0 faire confiance, \u00e0 l\u00e2cher le contr\u00f4le.<br>Et peu \u00e0 peu, la relation change : elle devient plus fluide, plus complice, plus juste.<\/p>\n\n\n\n<p><\/p>\n\n\n\n<p>Chaque s\u00e9ance est une rencontre, une exp\u00e9rience, un moment partag\u00e9 o\u00f9 le chien peut enfin \u00eatre pleinement lui-m\u00eame.<\/p>\n\n\n\n<p class=\"has-medium-font-size\"><\/p>\n\n\n\n<a href=\"https:\/\/www.canimotion.fr\/index.php\/planning\/\" class=\"reserver\" >R\u00e9server \u27a1\ufe0f <\/a>\n\n\n\n<p><\/p>\n","protected":false},"excerpt":{"rendered":"<p>\u00a0 \ud83d\udc4b\u00a0 Bonjour !!! Je suis S\u00e9verine, \u00a0Issue du monde canin et form\u00e9e en \u00e9ducation et comportement, je place le bien-\u00eatre et l\u2019amusement au c\u0153ur de ma pratique. Mon objectif :Vous aider \u00e0 mieux comprendre votre chien, \u00e0 lui offrir une activit\u00e9 qui a du sens,\u00a0 \u00e0 renforcer durablement votre lien et vous permettre de <a class=\"read-more\" href=\"https:\/\/www.canimotion.fr\/\">READ MORE<\/a><\/p>\n","protected":false},"author":1,"featured_media":0,"parent":0,"menu_order":0,"comment_status":"closed","ping_status":"closed","template":"","meta":{"footnotes":""},"class_list":["post-34","page","type-page","status-publish","hentry"],"_links":{"self":[{"href":"https:\/\/www.canimotion.fr\/index.php\/wp-json\/wp\/v2\/pages\/34","targetHints":{"allow":["GET"]}}],"collection":[{"href":"https:\/\/www.canimotion.fr\/index.php\/wp-json\/wp\/v2\/pages"}],"about":[{"href":"https:\/\/www.canimotion.fr\/index.php\/wp-json\/wp\/v2\/types\/page"}],"author":[{"embeddable":true,"href":"https:\/\/www.canimotion.fr\/index.php\/wp-json\/wp\/v2\/users\/1"}],"replies":[{"embeddable":true,"href":"https:\/\/www.canimotion.fr\/index.php\/wp-json\/wp\/v2\/comments?post=34"}],"version-history":[{"count":34,"href":"https:\/\/www.canimotion.fr\/index.php\/wp-json\/wp\/v2\/pages\/34\/revisions"}],"predecessor-version":[{"id":483,"href":"https:\/\/www.canimotion.fr\/index.php\/wp-json\/wp\/v2\/pages\/34\/revisions\/483"}],"wp:attachment":[{"href":"https:\/\/www.canimotion.fr\/index.php\/wp-json\/wp\/v2\/media?parent=34"}],"curies":[{"name":"wp","href":"https:\/\/api.w.org\/{rel}","templated":true}]}}