{"id":285,"date":"2025-08-18T12:05:18","date_gmt":"2025-08-18T10:05:18","guid":{"rendered":"https:\/\/www.canimotion.fr\/?page_id=285"},"modified":"2025-08-19T13:36:32","modified_gmt":"2025-08-19T11:36:32","slug":"mentions-legales","status":"publish","type":"page","link":"https:\/\/www.canimotion.fr\/index.php\/mentions-legales\/","title":{"rendered":"MENTIONS LEGALES"},"content":{"rendered":"\n<p>Le pr\u00e9sent site ainsi que les informations l\u00e9gales sont enti\u00e8rement r\u00e9alis\u00e9es par S\u00e9verine HOAREAU&nbsp; et sont donc soumises \u00e0 des droits d\u2019auteur.<\/p>\n\n\n\n<h2 class=\"wp-block-heading\"><strong>1. Pr\u00e9sentation du site<\/strong><\/h2>\n\n\n\n<p>Dans le cadre de la r\u00e9alisation et du suivi du site et en accord avec les articles 6-III et 19 de la loi n\u00b0 2004-575 du 21 juin 2004 pour la confiance dans l\u2019\u00e9conomie num\u00e9rique (L.E.C.N.), les utilisateurs et les visiteurs du site <a href=\"https:\/\/www.riviere-positive.fr\/\">https:\/\/www.canimotion.fr<\/a> ont acc\u00e8s \u00e0 l\u2019identit\u00e9 des diff\u00e9rents intervenants dans le cadre de sa r\u00e9alisation et de son suivi :<\/p>\n\n\n\n<p><strong>Nom de la soci\u00e9t\u00e9<\/strong> : Rainbow\u2019s Rivers Shepherd\u2019s &#8211; (Cani Motion) \u2013 S\u00e9verine Hoareau<\/p>\n\n\n\n<p><strong>D\u00e9nomination ou raison sociale<\/strong> : Rainbow\u2019s Rivers Shepherd\u2019s &#8211; (Cani Motion)<\/p>\n\n\n\n<p><strong>Forme juridique<\/strong> : entreprise individuelle<\/p>\n\n\n\n<p><strong>Code APRM<\/strong> : 96.09Z-P<\/p>\n\n\n\n<p><strong>Num\u00e9ro de SIRET<\/strong> : 920 409 190 000 13<\/p>\n\n\n\n<p><strong>Adresse et si\u00e8ge social<\/strong> : 1 bis avenue pierre marty, 31390 Carbonne<\/p>\n\n\n\n<p><strong>T\u00e9l\u00e9phone<\/strong> : 06 95 94 89 01<\/p>\n\n\n\n<p><strong>Adresse de courrier \u00e9lectronique<\/strong> : contact@canimotion.fr<\/p>\n\n\n\n<p><strong>Cr\u00e9ateur du site<\/strong> : S\u00e9verine Hoareau<\/p>\n\n\n\n<p><strong>H\u00e9bergeur<\/strong> : OVH \u2013 2 rue Kellermann \u2013 59100 Roubaix<\/p>\n\n\n\n<h2 class=\"wp-block-heading\"><strong>2. Description des services fournis<\/strong><\/h2>\n\n\n\n<p>En naviguant sur notre site web<a href=\"https:\/\/www.riviere-positive.fr\"> <\/a>canimotion.fr, vous acceptez les conditions g\u00e9n\u00e9rales d&rsquo;utilisation que vous trouverez dans les pr\u00e9sentes mentions l\u00e9gales. Cependant, il convient de pr\u00e9ciser que ces mentions l\u00e9gales et conditions g\u00e9n\u00e9rales d&rsquo;utilisation peuvent \u00eatre modifi\u00e9es ou mises \u00e0 jour \u00e0 tout moment par S\u00e9verine Hoareau. Nous vous invitons donc \u00e0 les consulter r\u00e9guli\u00e8rement.<\/p>\n\n\n\n<h2 class=\"wp-block-heading\"><strong>3. Conditions g\u00e9n\u00e9rales d\u2019utilisation du site et des services propos\u00e9s<\/strong><\/h2>\n\n\n\n<p>Au vue de notre politique de transparence, le pr\u00e9sent site s\u2019engage \u00e0 fournir toutes les informations n\u00e9cessaires concernant l\u2019ensemble des activit\u00e9s de la soci\u00e9t\u00e9.<\/p>\n\n\n\n<p>Lors des mises \u00e0 jour, S\u00e9verine Hoareau ne pourra \u00eatre tenue responsable des omissions, inexactitudes ou carences que pourra comporter le site, qu\u2019elles proviennent de son auteur ou de ses diff\u00e9rents prestataires. Toutes les informations disponibles sur le site sont donn\u00e9es \u00e0 titre indicatif, non exhaustives et sont susceptibles d\u2019\u00e9voluer.<\/p>\n\n\n\n<h2 class=\"wp-block-heading\"><strong>4. Limitations contractuelles sur les donn\u00e9es techniques<\/strong><\/h2>\n\n\n\n<p>Le contenu du site Canimotion est r\u00e9guli\u00e8rement v\u00e9rifi\u00e9 et corrig\u00e9 par S\u00e9verine Hoareau afin que ce dernier soit le plus fiable possible. Mais S\u00e9verine Hoareau ne peut \u00eatre tenu responsable en cas d\u2019inexactitude ou d\u2019omission.<\/p>\n\n\n\n<p>N\u2019h\u00e9sitez pas \u00e0 nous contacter par mail si vous rencontrez une erreur ou une omission concernant certaines informations.<\/p>\n\n\n\n<p>Les utilisateurs et les visiteurs du site web acceptent de naviguer sur ce dernier avec une technologie (ordinateur, tablette, mobile, navigateur) moderne, r\u00e9cente et sans virus.<\/p>\n\n\n\n<h2 class=\"wp-block-heading\"><strong>5. Propri\u00e9t\u00e9 intellectuelle et contrefa\u00e7ons<\/strong><\/h2>\n\n\n\n<p>Tout le contenu (images, textes, graphismes, logo, ic\u00f4nes, sons ou encore logiciels) appartient en propre \u00e0 S\u00e9verine Hoareau.<\/p>\n\n\n\n<p>Sauf d\u00e9rogation manuscrite de S\u00e9verine Hoareau, le fait de reproduire, repr\u00e9senter, modifier, publier, adapter tout ou partie des \u00e9l\u00e9ments du site est interdit quels que soient le moyen ou proc\u00e9d\u00e9 employ\u00e9s.<\/p>\n\n\n\n<p>En cas d\u2019exploitation non autoris\u00e9e des \u00e9l\u00e9ments ci-dessus, nous nous verrons dans l\u2019obligation de vous poursuivre en vertu des dispositions des articles L.335-2 et suivants du Code de Propri\u00e9t\u00e9 Intellectuelle.<\/p>\n\n\n\n<p>En cas de violation des droits d\u2019auteurs appartenant en propre au site web S\u00e9verine Hoareau la peine encourue est de 2 ans d\u2019emprisonnement et de 150 000\u20ac d\u2019amende au regard de l\u2019article L335-2 du Code de la Propri\u00e9t\u00e9 intellectuelle.<\/p>\n\n\n\n<p>Tout propos injurieux, \u00e0 caract\u00e8re raciste, diffamant ou pornographique \u00e9chang\u00e9s sur les espaces interactifs du pr\u00e9sent site ne saurait engager sa responsabilit\u00e9. S\u00e9verine Hoareau<strong> <\/strong>peut \u00e0 tout moment supprimer tout contenu portant atteinte aux valeurs de l\u2019entreprise ou \u00e0 la l\u00e9gislation fran\u00e7aise.<\/p>\n\n\n\n<h2 class=\"wp-block-heading\"><strong>6. Limitations de responsabilit\u00e9<\/strong><\/h2>\n\n\n\n<p>Lors d\u2019un dommage direct ou indirect li\u00e9 au mat\u00e9riel de l\u2019utilisateur ne r\u00e9pondant pas aux sp\u00e9cifications du point 4 ou li\u00e9 \u00e0 l\u2019apparition d\u2019un bug ou d\u2019une incompatibilit\u00e9, S\u00e9verine Hoareau&nbsp; ne pourra pas engager sa responsabilit\u00e9.<\/p>\n\n\n\n<p>Lors de la navigation sur le pr\u00e9sent site, il est possible d\u2019interagir ou de poser des questions via l\u2019espace de contact. Toutefois, tout contenu d\u00e9pos\u00e9 dans cet espace qui serait contraire \u00e0 la l\u00e9gislation fran\u00e7aise en vigueur et notamment contraire aux dispositions relatives \u00e0 la protection des donn\u00e9es pourra \u00eatre supprim\u00e9 sans mise en demeure pr\u00e9alable.<\/p>\n\n\n\n<p>En cas d\u2019atteinte \u00e0 la l\u00e9gislation fran\u00e7aise en vigueur, S\u00e9verine Hoareau se r\u00e9serve le droit de mettre en cause la responsabilit\u00e9 civile et\/ou p\u00e9nale de l\u2019auteur de l\u2019atteinte.<\/p>\n\n\n\n<h2 class=\"wp-block-heading\"><strong>7. Gestion des donn\u00e9es personnelles<\/strong><\/h2>\n\n\n\n<p>En vertu de la loi n\u00b0 78-87 du 6 janvier 1978, de la loi n\u00b0 2004-801 du 6 ao\u00fbt 2004, de l\u2019article L. 226-13 du Code p\u00e9nal et de la Directive Europ\u00e9enne du 24 octobre 1995, les donn\u00e9es personnelles sont prot\u00e9g\u00e9es en France.<\/p>\n\n\n\n<p>L\u2019URL des liens gr\u00e2ce auxquels l\u2019utilisateur ou le visiteur a acc\u00e9d\u00e9 au pr\u00e9sent site, le fournisseur d\u2019acc\u00e8s de l\u2019utilisateur ou encore l\u2019adresse de protocole internet (IP) de l\u2019utilisateur peuvent \u00eatre collect\u00e9s lors de la navigation sur le pr\u00e9sent site.<\/p>\n\n\n\n<p>Toutefois, en cas de besoin pour certains services propos\u00e9s par le site, l\u2019utilisateur pourra d\u00e9cider de fournir ou non, en tout \u00e9tat de cause, des informations dont lui seul aura la visibilit\u00e9.<\/p>\n\n\n\n<p>De ce fait, aucune information personnelle le concernant ne sera publi\u00e9e, \u00e9chang\u00e9e, transf\u00e9r\u00e9e, c\u00e9d\u00e9e ou vendue sur un autre support.<\/p>\n\n\n\n<p>Dans le cas d\u2019un rachat de l\u2019entreprise, du pr\u00e9sent site et de ses droits, lesdites informations seront transmises \u00e0 l\u2019acqu\u00e9reur qui serait lui-m\u00eame tenu des m\u00eames obligations de conservation et de modification des donn\u00e9es vis-\u00e0-vis de l\u2019utilisateur du pr\u00e9sent site.<\/p>\n\n\n\n<p>Selon les articles 38 et suivants de la loi 78-17 du 6 janvier 1978 relative \u00e0 l\u2019informatique, aux fichiers et aux libert\u00e9s, les utilisateurs disposent d\u2019un droit d\u2019acc\u00e8s, de rectification et d\u2019opposition aux donn\u00e9es personnelles en effectuant sa demande \u00e9crite et sign\u00e9e, accompagn\u00e9e d\u2019une copie du titre d\u2019identit\u00e9 avec signature du titulaire de la pi\u00e8ce, en pr\u00e9cisant l\u2019adresse \u00e0 laquelle la r\u00e9ponse doit \u00eatre envoy\u00e9e.<\/p>\n\n\n\n<p>Le site ne recueillant aucune donn\u00e9e personnelle, il n\u2019est donc pas d\u00e9clar\u00e9 au Centre National des Informations et des Libert\u00e9s (CNIL).<\/p>\n\n\n\n<p>La protection des bases de donn\u00e9es est assur\u00e9e par la loi du 1er juillet 1998 transposant la directive 96\/9 du 11 mars 1996 relative \u00e0 la protection juridique des bases de donn\u00e9es.<\/p>\n\n\n\n<h2 class=\"wp-block-heading\"><strong>8. Liens hypertextes et cookies<\/strong><\/h2>\n\n\n\n<p>Le site S\u00e9verine Hoareau (Canimotion) contient un certain nombre de liens<\/p>\n\n\n\n<p>hypertextes vers d\u2019autres sites, mis en place avec l\u2019autorisation de S\u00e9verine Hoareau.<\/p>\n\n\n\n<p>Cependant, Celle-ci n\u2019a pas la possibilit\u00e9 de v\u00e9rifier le contenu des sites ainsi visit\u00e9s, et<\/p>\n\n\n\n<p>n\u2019assumera en cons\u00e9quence aucune responsabilit\u00e9 de ce fait.<\/p>\n\n\n\n<p>Un cookie est une information conserv\u00e9e sur votre ordinateur par un site web que vous visitez. Ce fichier de petite taille ne permet pas l\u2019identification de l\u2019utilisateur mais il enregistre certaines informations relatives \u00e0 votre navigation sur internet. Ces donn\u00e9es retenues viennent donc faciliter votre navigation sur internet. En cas de refus de l\u2019installation d\u2019un cookie, cela peut entra\u00eener l\u2019impossibilit\u00e9 d\u2019acc\u00e9der \u00e0 certains services.<\/p>\n\n\n\n<p>Toutefois, voici quelques \u00e9tapes utiles si vous souhaitez bloquer tous les cookies sur votre navigateur.<\/p>\n\n\n\n<p>Sous Internet Explorer : En haut \u00e0 droite du navigateur, suivez l\u2019ic\u00f4ne en forme d\u2019engrenage : Onglet outil&gt;Options internet&gt;Confidentialit\u00e9&gt;Bloquer tous les cookies&gt;Ok.<\/p>\n\n\n\n<p>Sous Firefox : En haut du navigateur, suivez le bouton Firefox&gt;Options&gt;Vie priv\u00e9e&gt;Utiliser les param\u00e8tres personnalis\u00e9s pour l\u2019historique (d\u00e9sactiv\u00e9).<\/p>\n\n\n\n<p>Sous Safari : En haut \u00e0 droite du navigateur, suivez l\u2019ic\u00f4ne en forme d\u2019engrenage : Menu&gt;Param\u00e8tres&gt;Afficher les param\u00e8tres avanc\u00e9s&gt;Confidentialit\u00e9&gt;Param\u00e8tres de contenu&gt;Cookies&gt;Bloquer les cookies.<\/p>\n\n\n\n<p>Sous Chrome : En haut \u00e0 droite du navigateur, suivez l\u2019ic\u00f4ne en forme de trois lignes horizontales : Menu&gt;Param\u00e8tres&gt;Afficher les param\u00e8tres avanc\u00e9s&gt;Confidentialit\u00e9&gt;Pr\u00e9f\u00e9rences&gt;Confidentialit\u00e9&gt;Bloquer les cookies.<\/p>\n\n\n\n<h2 class=\"wp-block-heading\"><strong>9. Droit applicable et attribution de juridiction<\/strong><\/h2>\n\n\n\n<p>Tout litige en relation avec l\u2019utilisation du pr\u00e9sent site est soumis au droit fran\u00e7ais.<\/p>\n\n\n\n<p>Avant toute action judiciaire, les parties sont invit\u00e9es \u00e0 rechercher une solution amiable.&nbsp;<\/p>\n\n\n\n<p>Conform\u00e9ment aux articles L.611 \u00e0 L.616 et R.612 \u00e0 R.616 du Code de la consommation,le consommateur peut saisir gratuitement un m\u00e9diateur de la consommation en cas de litige non r\u00e9solu.<\/p>\n\n\n\n<p>S\u00e9verine Hoareau &#8211; Rainbow\u2019s Rivers Shepherd\u2019s &#8211; (Canimotion) Adh\u00e9rente SNPCC<\/p>\n\n\n\n<p>239 rue des bottes<\/p>\n\n\n\n<p>01320 CHALAMONT<\/p>\n\n\n\n<p>T\u00e9l : 0892 681 341<\/p>\n\n\n\n<p><a href=\"mailto:snpcc@snpcc.com\">snpcc@snpcc.com<\/a><\/p>\n\n\n\n<p>a d\u00e9sign\u00e9 le m\u00e9diateur suivant :&nbsp;<\/p>\n\n\n\n<p><a href=\"http:\/\/cm2c.net\"><strong>CM2C.net<\/strong><\/a><strong>&nbsp;<\/strong><\/p>\n\n\n\n<p><strong>49 rue de Ponthieu 75008 PARIS<\/strong><\/p>\n\n\n\n<p><strong>www.mediateurprofessionchienchat.fr<\/strong><\/p>\n\n\n\n<p>En cas de litige avec un professionnel, il est fait attribution exclusive de juridiction aux tribunaux de droit commun, et notamment aux tribunaux de Toulouse<\/p>\n\n\n\n<h2 class=\"wp-block-heading\"><strong>10. Les principales lois concern\u00e9es<\/strong><\/h2>\n\n\n\n<p>D\u00e9pendant de la l\u00e9gislation fran\u00e7aise, le pr\u00e9sent site web ob\u00e9it \u00e0 la loi n\u00b0 78-17 du 6 janvier 1978, notamment modifi\u00e9e par la loi n\u00b0 2004-801 du 6 ao\u00fbt 2004 relative \u00e0 l\u2019informatique, aux fichiers et aux libert\u00e9s ainsi que la loi n\u00b0 2004-575 du 21 juin 2004 pour la confiance dans l\u2019\u00e9conomie num\u00e9rique.<\/p>\n\n\n\n<h2 class=\"wp-block-heading\"><strong>11. Lexique<\/strong><\/h2>\n\n\n\n<p>Utilisateur : Internaute se connectant, utilisant le site susnomm\u00e9.<\/p>\n\n\n\n<p>Informations personnelles : \u00ab les informations qui permettent, sous quelque forme que ce soit, directement ou non, l\u2019identification des personnes physiques auxquelles elles s\u2019appliquent \u00bb (article 4 de la loi n\u00b0 78-17 du 6 janvier 1978).<\/p>\n\n\n\n<p>Vendeur : S\u00e9verine Hoareau, Rainbow\u2019s Rivers Shepherd\u2019s &#8211; (Cani Motion).<\/p>\n","protected":false},"excerpt":{"rendered":"<p>Le pr\u00e9sent site ainsi que les informations l\u00e9gales sont enti\u00e8rement r\u00e9alis\u00e9es par S\u00e9verine HOAREAU&nbsp; et sont donc soumises \u00e0 des droits d\u2019auteur. 1. Pr\u00e9sentation du site Dans le cadre de la r\u00e9alisation et du suivi du site et en accord avec les articles 6-III et 19 de la loi n\u00b0 2004-575 du 21 juin 2004 <a class=\"read-more\" href=\"https:\/\/www.canimotion.fr\/index.php\/mentions-legales\/\">READ MORE<\/a><\/p>\n","protected":false},"author":1,"featured_media":0,"parent":0,"menu_order":0,"comment_status":"closed","ping_status":"closed","template":"","meta":{"footnotes":""},"class_list":["post-285","page","type-page","status-publish","hentry"],"_links":{"self":[{"href":"https:\/\/www.canimotion.fr\/index.php\/wp-json\/wp\/v2\/pages\/285","targetHints":{"allow":["GET"]}}],"collection":[{"href":"https:\/\/www.canimotion.fr\/index.php\/wp-json\/wp\/v2\/pages"}],"about":[{"href":"https:\/\/www.canimotion.fr\/index.php\/wp-json\/wp\/v2\/types\/page"}],"author":[{"embeddable":true,"href":"https:\/\/www.canimotion.fr\/index.php\/wp-json\/wp\/v2\/users\/1"}],"replies":[{"embeddable":true,"href":"https:\/\/www.canimotion.fr\/index.php\/wp-json\/wp\/v2\/comments?post=285"}],"version-history":[{"count":3,"href":"https:\/\/www.canimotion.fr\/index.php\/wp-json\/wp\/v2\/pages\/285\/revisions"}],"predecessor-version":[{"id":348,"href":"https:\/\/www.canimotion.fr\/index.php\/wp-json\/wp\/v2\/pages\/285\/revisions\/348"}],"wp:attachment":[{"href":"https:\/\/www.canimotion.fr\/index.php\/wp-json\/wp\/v2\/media?parent=285"}],"curies":[{"name":"wp","href":"https:\/\/api.w.org\/{rel}","templated":true}]}}